 52. Calculate m(a).
-6
Let j = 75 - 40. Suppose 4*k = -k + j. Suppose 0 = -10*y + 11*y - k. Let c(n) = n**2 - 5*n - 3. What is c(y)?
11
Let r = -37 - -45. Let f(z) be the second derivative of z**3/3 - 7*z**2/2 + 6*z. Calculate f(r).
9
Let t(p) = 104*p + 3116. Let u be t(-30). Let g(c) = -2*c**3 - 8*c**2 - 2*c - 3. What is g(u)?
5
Let k(g) = 2*g**2 + 6*g - 3. Let a(i) = 6*i**2 + 2*i. Let v be a(-2). Suppose 3*h = -5*x, 4 = 2*h + 4*x - 2*x. Suppose -f + v = -h*f. Calculate k(f).
17
Suppose t + 24 = 3*b - 25, 2*b = -t + 36. Let r = 14 - b. Let j(v) = -v**3 - 3*v**2 - 2*v - 4. What is j(r)?
2
Suppose -362 + 348 = -7*j. Let k(o) = o**3 + 35 - 3*o + o**2 - 34 + 0*o**2. Calculate k(j).
7
Let v(d) be the first derivative of 35*d**2/2 - 388*d + 8537. Give v(11).
-3
Let k(t) = t**2 + 7*t + 15. Let x = 21 + -28. Let i be k(x). Let p(a) = -a - i - 2*a**2 + 19 - 6*a + 2*a. Determine p(-5).
-21
Suppose -154 - 13 = -4*p - l, 3*p = 3*l + 114. Let d = p - 39. Suppose 5*w + 27 = 2*z, -3*w + 6 = -d*z + 19. Let b(y) = y**3 + 8*y**2 + 8*y - 1. Give b(w).
-8
Let g(u) be the second derivative of u**5/20 + 7*u**4/12 + 7*u**3/6 + 7*u**2/2 + u. Suppose -5*y + 6 = -6*y. Let l be g(y). Let j(a) = -14*a**3 - a. Give j(l).
-15
Let j(v) be the third derivative of -4*v**2 + 1/6*v**3 + 1/4*v**4 + 0*v + 0. Let q be j(-1). Let o(n) = n**2 + 6*n - 3. What is o(q)?
-8
Let u = 62 - 67. Let y be 5*-1*(-4)/(-50)*u. Let o be (3*(-3)/(-27))/(y/6). Let p(t) = 6*t - 1. Calculate p(o).
5
Let c(p) be the second derivative of p**5/20 - p**3/3 - p**2/2 + 1287*p. Calculate c(3).
20
Let w(o) = -6 + 47 + 3*o - 13 - 13. Give w(-16).
-33
Let m(o) = 2*o + 4. Let w(z) = z**2 + 48*z + 82. Let r(n) = -15*m(n) + w(n). Calculate r(-13).
-43
Let u(c) be the third derivative of -c**5/20 - 4*c**4/3 + 4*c**3/3 + 2*c**2 - 188. Calculate u(-11).
-3
Let r(f) = -f**3 - 4*f**2 + 10*f - 3. Let p(m) = 216*m + 4098. Let i be p(-19). What is r(i)?
9
Let m(u) be the second derivative of -u**5/20 - u**4/4 - u**3/2 - u**2 + 46*u. What is m(-2)?
0
Let q(u) = -5*u**2 + 5*u - 4. Let r = 7476 - 7474. What is q(r)?
-14
Let z(y) = y**3 - y + 10716 + 13*y**2 + 2*y - 10691. Calculate z(-13).
12
Let d(a) = 28*a**2 + 47 - 7*a - 5*a - 7*a - 6*a**2 - 21*a**2. What is d(14)?
-23
Suppose 1 = -7*o + 36. Let v(p) = 28 - o*p + 28 - 59 + p**2. Suppose 3*h - 12 - 3 = 0. What is v(h)?
-3
Let n(d) = 3*d**3 + 35*d**2 - 36*d - 186. Let k(f) = f**3 + 2*f**2 + f + 1. Let a(s) = 2*k(s) - n(s). Determine a(-32).
-4
Let z(b) be the third derivative of 5/12*b**4 + 0*b - 5/6*b**3 - 22*b**2 + 0 - 1/60*b**5. Calculate z(9).
4
Let z be (-27)/(-18) + 9/6. Let g(n) = 3*n + 0 - 5*n - z + 13 - n. Give g(5).
-5
Let c(z) = 94*z + 48. Let a(o) = 153*o + 74. Let x(w) = -5*a(w) + 8*c(w). Determine x(-3).
53
Let j be (-14)/3*((-111)/21 - -1). Let y(o) = 14*o**2 - 6*o - 5 + j*o**2 - 35*o**2 + o. Give y(-5).
-5
Let q = 4 + 3. Let b be ((-10)/15)/((-4)/12). Let h(n) = q*n - 3*n + 0*n**2 + n**b - 5 - n. What is h(-5)?
5
Let m(a) be the second derivative of -a**4/12 - 11*a**3/6 - 8*a**2 - 4762*a. Calculate m(-10).
-6
Let v(t) = 2*t**3 - 5*t**2 + 5*t - 1. Suppose -6*g - 5*z - 270 + 280 = 0, -10 = 2*g + 5*z. Determine v(g).
149
Let b(w) = -23*w**3 + 62*w**2 + 27*w - 427. Let m(c) = 9*c**3 - 30*c**2 - 14*c + 215. Let p(d) = 2*b(d) + 5*m(d). Give p(-25).
-4
Let h = 38 + -38. Suppose p - 16 = -h. Suppose -3*t - 14 = -w + 2*w, -2*t + w - p = 0. Let a(x) = -x**3 - 6*x**2 + x + 4. What is a(t)?
-2
Let f be 1/(-7) + 145/35. Let z(q) = q**2 - 2*q + 1. Let n(c) = -3*c**2 + 4*c - 5. Let g(t) = n(t) + 5*z(t). Give g(f).
8
Let d(f) be the first derivative of 3*f**2/2 - 93*f + 2657. Calculate d(15).
-48
Let t be 7/((-118)/24 + 5). Let w = t + -89. Let v be -9 + (2/(-12))/(w/30). Let q(x) = -x**2 - 10*x - 10. Determine q(v).
6
Let o(c) = -c**2 + c - 8. Suppose -27*p + 84 = p. Suppose 10 = p*x - 2*t, -15 = x - 2*x + 3*t. What is o(x)?
-8
Suppose -5*c + 25*c = 80. Let w(o) = -13*o - 13. Let j(b) = -15*b - 15. Let v(g) = 6*j(g) - 7*w(g). Give v(c).
5
Let j(h) = 1835*h + 139468. Let c be j(-76). Let z(r) = 0 - r + 0 + 2. What is z(c)?
-6
Let n be (0 - 2)*(-4)/(-8). Let s(z) be the first derivative of 25*z**2/2 + z + 1957. Give s(n).
-24
Let a(g) be the third derivative of g**6/120 - g**5/15 + g**4/8 + g**3 + 126*g**2 - 2. Give a(4).
18
Let g be (-272)/(-46) + ((-14)/2 - 5868/(-828)). Let p(j) = -3*j**2 + 3*j + 32. Give p(g).
-58
Let r(y) = 6*y**2 + 4*y - 1. Let q = -4818 + 4813. Calculate r(q).
129
Let o(y) = 5*y + 328104 + 0*y - 328034. What is o(-21)?
-35
Let j be (-10)/(-40) + 4286/8. Let w(r) = -537*r**3 - r + j*r**3 - 4*r**2 - 3*r - 5. Let q be -4*2*(-3)/(-6). Determine w(q).
11
Let f(j) = -3*j - 3. Let q be 59 - 4 - (1 + -4). Let w = q + -35. Suppose -w + 8 = -5*v. Determine f(v).
-12
Let i(c) be the second derivative of c**8/6720 + c**7/630 - c**6/360 + c**5/10 + 67*c**4/3 + 181*c. Let w(j) be the third derivative of i(j). What is w(-5)?
-3
Suppose 4*p - 13 = -5. Let y(j) = -4*j**2 - j - 3 + 5 + j**2 + j**2. Determine y(p).
-8
Let u(g) = 4*g**2 - 337*g + 1. Let a(p) = 5*p**2 - 405*p + 1. Let z(x) = -5*a(x) + 6*u(x). Let v = -1 + 4. Determine z(v).
1
Let r(y) = -5*y**2 - 3*y - 3. Suppose -5*j + 38 = t, 4*j + 132 = 5*t - 0*j. Suppose t = 7*f + 42. What is r(f)?
-17
Let q(n) = n**2 + 5*n + 1. Let i be q(-4). Suppose -9*t + 10*t = 2. Let b(a) = 6*a + a**t + 86 + 77 - 163. Determine b(i).
-9
Let t(u) = -u**2 - 6*u + 1. Let m = -272 - -278. Let x be (50/20)/((-3)/m). What is t(x)?
6
Let f(m) = -5*m**3 - 7*m**2 - 6*m - 12. Let o(n) = -n**3 + n - 1. Suppose 8*y + 48 = -4*y. Let w(q) = y*o(q) + f(q). Calculate w(-6).
16
Suppose 0 = -0*t - 2*t. Let i(k) = -k**2 + 3*k + t*k**2 - 3 - k**2 + 3*k. Suppose 0 = 2*m + 4 - 0, 3*w + 5*m - 2 = 0. What is i(w)?
-11
Let l = -220 + 210. Let k(j) = -3*j**2 - 32*j - 24. Calculate k(l).
-4
Let r(c) = -4*c**2 + 13*c + 1. Let k(y) = -47*y**2 + 154*y + 10. Let w(p) = -6*k(p) + 70*r(p). Give w(7).
10
Suppose 5*a + 2*m = 12, 4*a + 32 - 43 = -3*m. Let p(q) = -7*q**2 + 9*q + 7. Calculate p(a).
-3
Suppose 0 = -5*g - 5*t + 95, -7*t + 8*t + 69 = 3*g. Let l(b) = -g - 8*b + 22 - b. Calculate l(-2).
18
Let a(t) be the third derivative of 1/12*t**5 + 0*t + 64*t**2 + 0 + 1/12*t**4 - 1/2*t**3 + 1/60*t**6. Give a(-3).
-18
Let h(a) = 2*a**2 - a + 2. Let q be h(1). Let b(w) = 2*w**2 + w**3 + q*w**2 - 10*w**2 + 4. Let p = -143 + 148. Determine b(p).
4
Let y = 9891 - 9919. Let l(u) = -u**3 - 29*u**2 - 33*u - 140. Calculate l(y).
0
Let z(j) = -617*j - 66 + 623*j + 14. Let h be z(10). Let m(d) = 3*d**2 + 0*d - 4*d**2 + 7*d - 2. Give m(h).
-10
Let s be -2 - (-4)/(-2)*(-664)/(-16). Let o = s + 87. Let u(a) = -9*a**3 + 3*a**o + 6 - 4*a**2 + 13*a**2 + 8*a**3. What is u(12)?
6
Let r(n) = n**3 - 2*n**2 - 4*n + 4. Let d be r(1). Let a(o) = 14*o - 13. Let g(j) = -42*j + 37. Let m(k) = 17*a(k) + 6*g(k). Determine m(d).
15
Let t(a) = 5*a**2 - 13*a + 14. Let y be t(-7). Suppose -h = -8*h + y. Let s(k) = -2 - h*k + k**2 + 6 + 89*k - 44*k. What is s(5)?
4
Let f(x) = -5*x. Let n = -5812 - -5814. Give f(n).
-10
Let z(j) = 2*j**2 - 22*j - 32. Let a be z(12). Let d(h) = h + 30. Calculate d(a).
22
Let w(b) = -73 - 6*b - 11*b + 37 - 15. Let v(h) = -5*h + 2. Let i(n) = 2*v(n) - w(n). Determine i(-7).
6
Let k(r) be the second derivative of r**5/20 - r**4/2 - r**3/6 + 2*r**2 + 41*r. What is k(6)?
-2
Let h(q) = -1 + 93*q + 9 + 105*q - 191*q. Let l(y) = 3*y + 4. Let r(n) = -2*h(n) + 5*l(n). Give r(-11).
-7
Let b(g) = g**2 + 12*g - 5. Let r(s) = -2*s**2 - 23*s + 9. Let a(o) = 5*b(o) + 2*r(o). Suppose 7*q = q - 84. Determine a(q).
-7
Let o(j) = 50*j**2 - j - 2. Let q = -3399 - -3398. Calculate o(q).
49
Let z(t) = -5*t - 4. Let x be z(-7). Let w = 43 - x. Let j(m) = -4 + w + m**2 + 42*m - 34*m. What is j(-6)?
-4
Let d(n) = -n**3 + 23*n**2 + 2*n - 49. Let l = -453 - -476. Give d(l).
-3
Let s(h) = -h**2 - 9*h - 2. Let c be 19521/(-1944) - (-1)/24. Calculate s(c).
-12
Let l be ((-21)/(-9))/((-8)/(-24)). Let g(s) = -s**2 - 8*s - 4. Let z be g(-7). Let a(w) = -5*w + 7*w + l - z*w. Give a(6).
1
Suppose 4*s + 5 = -23. Let f(g) = 4 + 3*g**2 - 2*g**2 + 6420252*g - 6 - 6420246*g. Calculate f(s).
5
Let w be (113 - -2)*8/(-20). Suppose -408*i + 30 = -423*i. Let j be i - 120/(-66) - w/11. Let d(m) = -m**3 + 